 are the prime factors of d(13)?
2, 19
Let j(h) be the first derivative of -h**3/3 + 5*h**2 - 11*h - 1. Let x be j(8). Suppose 2*a = 2*p - x*p + 6, 3*p = 0. List the prime factors of a.
3
What are the prime factors of (2 + -1)/(5/365)?
73
Suppose -2*g - 5*r = -28, 4*g = -g + 5*r. Suppose 0 = h - p - g, -h + 5*p - 44 = -4*h. List the prime factors of h.
2
Let q be 12/(-4) - 1*-74. Suppose k = -3*d + 37, -k + q = 5*d + 3*k. List the prime factors of d.
11
Let a(j) = -j**2 - 7*j - 4. Let c be a(-5). Let k = c - -9. What are the prime factors of k?
3, 5
Let q(f) be the second derivative of f**4/12 + 7*f**3/6 - 5*f**2/2 + 5*f. Suppose 2*y = -21 + 5. List the prime factors of q(y).
3
Let v be 18/(-12)*10/(-3). Suppose 34 = v*q - 4*i - 23, 2*q - i = 24. What are the prime factors of q?
13
Suppose 3*m - 2*l + 0*l = -1, 5*m + 5 = 4*l. Suppose -m*k = 15, 5*f + k + 3*k - 15 = 0. List the prime factors of f.
7
Suppose 3*m = -4*y + 785, 7*m = 5*m - 10. List the prime factors of y.
2, 5
Let a(i) = 5*i**2 + i. Let u(c) = -14*c**2 - 4*c. Let y(t) = 11*a(t) + 4*u(t). What are the prime factors of y(-4)?
2
Suppose -h + 4*q - 8 = 5, 3*h - 46 = -5*q. What are the prime factors of h?
7
Let x be 1*39 - (3 - 0). Suppose -18 = -3*u + x. What are the prime factors of u?
2, 3
Let l = -56 + 71. Suppose 3*c + 30 = 3*j - 0, 5*j + 16 = -c. Let u = c + l. What are the prime factors of u?
2
Let l be 1 + -1*(-2 + 4). List the prime factors of (-115)/(-10) - l/2.
2, 3
Suppose m + 3*n = -24, -3*m = -3*n + 107 + 25. Let j = m - -56. What are the prime factors of j?
17
Suppose 2*z - 2*l - 42 = 0, -2*l = 2*z - l - 57. What are the prime factors of z?
2, 13
Suppose 0 = 3*a - 5*z - 17, a + 6*z = 2*z - 17. Suppose 0*f - f = -5*v - 68, -3*v - 38 = -2*f. What are the prime factors of (a + (-2)/v)*-7?
2, 3
Suppose -3*h + 89 = n, -2*h = 2*n - 43 - 15. List the prime factors of h.
2, 3, 5
Suppose -3*w + 4*z = -127, 50 = 5*w + 5*z - 115. Suppose 0 = -2*b + 5*b + 2*r - 31, -5*b + w = -4*r. List the prime factors of b.
3
Let l(x) = 19*x**2 - x. Let f be l(-1). Suppose 0 = -5*p - f, 0 = -3*h + 5*p + 20 + 51. Let z = h - 1. List the prime factors of z.
2
Let o be ((-5)/(-10))/(1/2). List the prime factors of 14/4 + o/(-2).
3
Suppose 43 + 11 = c - 2*y, -2*c + 3*y = -113. List the prime factors of c.
2
Suppose y - 2*k = -50 - 109, -2*y - 312 = -2*k. List the prime factors of (y/(-27))/(1/3).
17
Suppose 76 = 8*z - 364. List the prime factors of z.
5, 11
Let u = 24 - 21. Suppose 0 = -u*k - 3*k + 198. List the prime factors of k.
3, 11
Suppose 4 = -5*z - 1, 0 = 5*m - 2*z - 1062. List the prime factors of m.
2, 53
Let c(g) = -17*g + 1. Let p be c(-3). Let l be p/6 - 4/6. Suppose 1 = -j + l. List the prime factors of j.
7
Suppose 5*f - 23 - 17 = 0. Suppose -2*u + 38 = 3*y + 2*y, 4*y = f. List the prime factors of u.
2, 7
Let b = 17 - 12. Let k = b + 17. List the prime factors of k.
2, 11
Let r be (2 + -4)*3/(-2). Suppose -k + r*k = 6. What are the prime factors of 1 - (-6 + k - 3)?
7
Let l(g) = -40*g - 16 + 15*g + 19*g. List the prime factors of l(-6).
2, 5
Suppose 5*v = 2*k, -2*v - 6 = -k - k. Let l(r) = -7*r**2 + 2*r. Let y(n) = -6*n**2 + n + 1. Let o(t) = k*l(t) - 6*y(t). List the prime factors of o(-6).
2, 3
Let v = -10 - -16. Let i be 16*(-9)/v*-1. Suppose 4*p = p + i. List the prime factors of p.
2
Suppose 0*k - 25 = -5*k. Suppose -4*x = -7 - k. Suppose -x*d + 21 = -0*d. List the prime factors of d.
7
Suppose -z + r + 158 = 0, 0 - 1 = r. List the prime factors of z.
157
List the prime factors of 274 + 0 - (3 + -1).
2, 17
Suppose 0 = 4*h - 5*x - 4, 18 = -h + 2*h + 3*x. Let q = 15 - -9. Suppose 2*w + 18 = 3*c, -q - h = -5*c - 2*w. What are the prime factors of c?
2, 3
Let s be (-2)/(-1) + (-1 - 2). Let i = 15 + s. What are the prime factors of i?
2, 7
List the prime factors of (-699)/(-24) - 2/16.
29
Suppose 3*w - 188 = -5*r, -5*w + 206 = -2*w - 4*r. What are the prime factors of w?
2, 3, 11
Let j(h) = 2*h**2 + 14*h + 18. List the prime factors of j(-10).
2, 3, 13
Let a = -3 + 6. Suppose r - 3*u = -8, 4*r + 7 - a = 5*u. Suppose r*f - 31 = -2*x + 11, 3*x = -4*f + 47. What are the prime factors of f?
2
Let x(s) = s**3 + 5*s**2 + 3. Let y be (-3 - 8*-2) + -1. Suppose -5*h - y = 13. List the prime factors of x(h).
3
Suppose -i = 4*i - 5*o + 55, -2*o - 34 = 5*i. Let a be -3 + (-25 - (-5 + 2)). List the prime factors of a/(-2) + 4/i.
2, 3
Let m = -4 - -4. Let s = m + 14. What are the prime factors of s?
2, 7
Suppose -q - q = 5*y - 125, -5*q - 25 = 0. Let g = y + 5. What are the prime factors of g?
2
Let r(k) = -k**3 + 26*k**2 - 46*k - 45. What are the prime factors of r(24)?
3
Let n(x) = -2*x - 8. Suppose 6*b = 4*b - 12. What are the prime factors of n(b)?
2
Let n(a) = -15*a + a**2 - 6 + 7*a + 5*a. List the prime factors of n(5).
2
Suppose -3*r = 3*l - 62 - 13, 105 = 5*r + l. Let n = 41 - r. Let z = n + -9. List the prime factors of z.
2, 3
Suppose -4*n - p = p - 8, -n - 2*p = 4. Suppose -3*j = -4*j + 4, -n*j = 3*z - 13. List the prime factors of 0 - z/(3/9).
3
Suppose 5*z = 2*z + 6. Suppose a - 60 = -z*a. What are the prime factors of a?
2, 5
Suppose -8 = -4*z + 16. Suppose a + z = -c + 3*c, 4*c - 8 = a. What are the prime factors of 27 + a + 1/(-1)?
2, 11
Let n(k) = -2*k**2 + 1 + k**2 + 3*k + 3*k. Let y be n(3). Let u = 19 - y. What are the prime factors of u?
3
Let u = 0 + -3. List the prime factors of (-71)/(-3) + 2/u.
23
Let o(f) = 4*f - 2. Let k(c) = -11*c + 6. Let s(r) = 6*k(r) + 17*o(r). List the prime factors of s(5).
2, 3
Suppose -4*j + 3*u + 44 = 0, 4*u + u + 22 = 2*j. What are the prime factors of j?
11
Suppose 0*w + 36 = 2*w. Suppose -2*j + w = j. What are the prime factors of j?
2, 3
Suppose -3*v + 5 + 4 = 0. Let r be ((-15)/4)/(v/12). What are the prime factors of (50/r)/((-2)/6)?
2, 5
Suppose 65 = i - 9. List the prime factors of i.
2, 37
Suppose 25 = 5*g, g = -5*n + 4*g - 15. Suppose n = -0*a - 2*a + k + 10, 0 = a + k - 8. List the prime factors of a.
2, 3
Let o(h) = 5 - 2*h - h - 15. Let p be o(-8). Suppose -p = -3*g + 25. List the prime factors of g.
13
Let d(r) = r**2 + 2 + 0*r**2 + 5*r + 0*r**2. List the prime factors of d(-5).
2
Let d(g) = g**2 - 4*g - 8. Let w be d(6). Suppose -w*m + 3*k = 7*k - 24, 3 = k. What are the prime factors of m?
3
Let l be 10/(-25) - 24/(-10). Suppose 4*t + b - 14 - 6 = 0, 0 = -2*t - l*b + 10. Suppose t = 5*m - 10. List the prime factors of m.
3
List the prime factors of (-63)/(-4)*(1 - 116/(-12)).
2, 3, 7
Let o = -2 + -1. Let a(b) be the first derivative of -b**2 - b + 2. List the prime factors of a(o).
5
Let k(x) = -x**3 + 13*x**2 - 10*x - 27. List the prime factors of k(9).
3, 23
Suppose -11*h = -6*h - 415. What are the prime factors of h?
83
Let l(t) = -t**3 + 3*t**2 + 3*t - 2. Let v be l(3). Let f = 10 + v. What are the prime factors of f?
17
Let v = 37 + -12. List the prime factors of v.
5
Let r = 26 + 7. What are the prime factors of r?
3, 11
Let m(w) = 20*w + 3. Let f(c) = -10*c - 2. Let l(k) = 5*f(k) + 2*m(k). Let z be l(-5). What are the prime factors of 6/(-9) + z/6?
7
Suppose -2*j - 3*j = -25. Suppose 5*v + 30 = j*d, 2*d - 4 = v + 4. Suppose 2*r - 16 = -2*l, -d*l - 4*r = -9*r + 19. List the prime factors of l.
3
Let c = -248 + -34. Let z be (2/(-3))/((-4)/c). List the prime factors of 6/(-9) + z/(-3).
3, 5
Let s = -134 + 227. List the prime factors of s.
3, 31
Let k(m) = m**2 + 7*m + 6. Let o be k(-6). Let t(f) = f + 2. List the prime factors of t(o).
2
Suppose 51*v - 54*v = -402. List the prime factors of v.
2, 67
Suppose 160*c = 163*c - 699. List the prime factors of c.
233
Let i = -371 - -605. List the prime factors of i.
2, 3, 13
Suppose 0 = -w + 13 + 10. Suppose 4*s - 1 = 3*q, 3*s + 2*q = 23 - 1. Suppose -w + 6 = -k + s*i, 0 = 2*k - 3*i - 29. What are the prime factors of k?
13
Let m(h) = -3*h**3 + 2*h**3 - 6*h**2 + 0 - 8*h - 6. List the prime factors of m(-5).
3
Let q = 43 + -23. Suppose -q = -5*z, 5*z + 19 = -5*c + 174. List the prime factors of c.
3
Let q(a) = 4*a - 24. What are the prime factors of q(7)?
2
Let g = -3 + 1. Let i be g/(-3) + (-62)/(-6). Let p = 20 - i. List the prime factors of p.
3
Suppose 3*o - 148 = -p, -5*p - 2*o = -72 - 642. List the prime factors of p.
2, 71
Suppose -2*v = v + 12, -5*v = -3*w + 200. List th